{"id":227,"date":"2025-10-15T15:19:50","date_gmt":"2025-10-15T15:19:50","guid":{"rendered":"https:\/\/biodinamica.org.br\/loja\/?post_type=product&#038;p=227"},"modified":"2026-02-03T18:39:07","modified_gmt":"2026-02-03T18:39:07","slug":"a-dissociacao-entre-homem-e-natureza-a-a-w-miklos","status":"publish","type":"product","link":"https:\/\/biodinamica.org.br\/loja\/product\/a-dissociacao-entre-homem-e-natureza-a-a-w-miklos\/","title":{"rendered":"A DISSOCIA\u00c7\u00c3O ENTRE HOMEM E NATUREZA &#8211; A. A. W. Mikl\u00f3s"},"content":{"rendered":"<div class=\"ProductStyleBoxDescriptionFC\">\n<p>&#8220;Reflexos no desenvolvimento humano&#8221;<\/p>\n<p>Anais da IV Confer\u00eancia Brasileira de Agricultura Biodin\u00e2mica na USP, novembro\/2000.<\/p>\n<p>Coordena\u00e7\u00e3o de Andreas Attila W. Mikl\u00f3s.<\/p>\n<p>&#8220;Por que as vacas est\u00e3o loucas?&#8221; A partir desta pergunta, desenvolve-se uma tem\u00e1tica, com textos em portugu\u00eas e ingl\u00eas, abordando quest\u00f5es ligadas \u00e0 consci\u00eancia humana na utiliza\u00e7\u00e3o dos recursos naturais do Planeta.<\/p>\n<p>Com assuntos abrangentes, ancorados na filosofia e na metodologia cient\u00edfica, o livro \u00e9 uma colet\u00e2nea de opini\u00f5es embasadas no estudo e na pr\u00e1tica profissional de cada qual dos autores. Nomes como Jan Diek van Mansvelt e Jos\u00e9 A. Lutzenberger, dentre outros, v\u00eam contribuir com valiosos argumentos para uma nova postura com rela\u00e7\u00e3o \u00e0 Terra.<\/p>\n<\/div>\n","protected":false},"excerpt":{"rendered":"<div class=\"ProductStyleBoxDescriptionFC\">\n<p>&#8220;Reflexos no desenvolvimento humano&#8221;<\/p>\n<p>Anais da IV Confer\u00eancia Brasileira de Agricultura Biodin\u00e2mica na USP, novembro\/2000.<\/p>\n<p>Coordena\u00e7\u00e3o de Andreas Attila W. Mikl\u00f3s.<\/p>\n<p>&#8220;Por que as vacas est\u00e3o loucas?&#8221; A partir desta pergunta, desenvolve-se uma tem\u00e1tica, com textos em portugu\u00eas e ingl\u00eas, abordando quest\u00f5es ligadas \u00e0 consci\u00eancia humana na utiliza\u00e7\u00e3o dos recursos naturais do Planeta.<\/p>\n<p>Com assuntos abrangentes, ancorados na filosofia e na metodologia cient\u00edfica, o livro \u00e9 uma colet\u00e2nea de opini\u00f5es embasadas no estudo e na pr\u00e1tica profissional de cada qual dos autores. Nomes como Jan Diek van Mansvelt e Jos\u00e9 A. Lutzenberger, dentre outros, v\u00eam contribuir com valiosos argumentos para uma nova postura com rela\u00e7\u00e3o \u00e0 Terra.<\/p>\n<\/div>\n","protected":false},"featured_media":230,"comment_status":"open","ping_status":"closed","template":"","meta":{"pagelayer_contact_templates":[],"_pagelayer_content":""},"product_brand":[],"product_cat":[36],"product_tag":[],"class_list":{"0":"post-227","1":"product","2":"type-product","3":"status-publish","4":"has-post-thumbnail","6":"product_cat-publicacoes","8":"first","9":"outofstock","10":"taxable","11":"shipping-taxable","12":"purchasable","13":"product-type-simple"},"_links":{"self":[{"href":"https:\/\/biodinamica.org.br\/loja\/wp-json\/wp\/v2\/product\/227","targetHints":{"allow":["GET"]}}],"collection":[{"href":"https:\/\/biodinamica.org.br\/loja\/wp-json\/wp\/v2\/product"}],"about":[{"href":"https:\/\/biodinamica.org.br\/loja\/wp-json\/wp\/v2\/types\/product"}],"replies":[{"embeddable":true,"href":"https:\/\/biodinamica.org.br\/loja\/wp-json\/wp\/v2\/comments?post=227"}],"wp:featuredmedia":[{"embeddable":true,"href":"https:\/\/biodinamica.org.br\/loja\/wp-json\/wp\/v2\/media\/230"}],"wp:attachment":[{"href":"https:\/\/biodinamica.org.br\/loja\/wp-json\/wp\/v2\/media?parent=227"}],"wp:term":[{"taxonomy":"product_brand","embeddable":true,"href":"https:\/\/biodinamica.org.br\/loja\/wp-json\/wp\/v2\/product_brand?post=227"},{"taxonomy":"product_cat","embeddable":true,"href":"https:\/\/biodinamica.org.br\/loja\/wp-json\/wp\/v2\/product_cat?post=227"},{"taxonomy":"product_tag","embeddable":true,"href":"https:\/\/biodinamica.org.br\/loja\/wp-json\/wp\/v2\/product_tag?post=227"}],"curies":[{"name":"wp","href":"https:\/\/api.w.org\/{rel}","templated":true}]}}