{"id":485,"date":"2025-11-18T12:12:05","date_gmt":"2025-11-18T12:12:05","guid":{"rendered":"https:\/\/biodinamica.org.br\/loja\/?post_type=product&#038;p=485"},"modified":"2026-04-16T17:22:46","modified_gmt":"2026-04-16T17:22:46","slug":"calendario-de-parede-biodinamico-2026-astronomico-e-agricola","status":"publish","type":"product","link":"https:\/\/biodinamica.org.br\/loja\/product\/calendario-de-parede-biodinamico-2026-astronomico-e-agricola\/","title":{"rendered":"Calend\u00e1rio de Parede Biodin\u00e2mico 2026 &#8211; Astron\u00f4mico e Agr\u00edcola"},"content":{"rendered":"<p><strong>ENVIO A PARTIR DE 26\/11\/2025 &#8211; Os envios s\u00e3o feitos todas as quartas-feiras.\u00a0<\/strong><\/p>\n<h1><strong>NOVO FORMATO &#8211; CALEND\u00c1RIO DE PAREDE &#8211; 2026<\/strong><\/h1>\n<p>(cont\u00e9m todas as informa\u00e7\u00f5es da agenda)<\/p>\n<p><strong>Calend\u00e1rio Biodin\u00e2mico &#8211; <\/strong><strong>Astron\u00f4mico e Agr\u00edcola 2026<\/strong><\/p>\n<p>&nbsp;<\/p>\n<p>Baixe Janeiro aqui:\u00a0<a href=\"https:\/\/biodinamica.org.br\/upload\/pagina_janeiro.pdf\">P\u00e1gina de Janeiro 2026<\/a><\/p>\n<p>&nbsp;<\/p>\n<p>\ud83c\udf31 O Calend\u00e1rio Agr\u00edcola Biodin\u00e2mico: Um Guia em Harmonia com a Natureza<\/p>\n<p>Este \u00e9 o calend\u00e1rio mais utilizado no movimento da agricultura biodin\u00e2mica. Ele revela um caminho fascinante de descobertas no universo din\u00e2mico e vivo da agricultura feita em sintonia com os ritmos da natureza.<\/p>\n<p>\ud83c\udf13 A Sabedoria dos Ciclos Lunares<br \/>\nQuem convive com agricultores tradicionais sabe: muitos relatam, com convic\u00e7\u00e3o, a influ\u00eancia da Lua nos momentos de plantio, poda, colheita e outros manejos. As fases da Lua s\u00e3o o aspecto mais vis\u00edvel dessa rela\u00e7\u00e3o, observada h\u00e1 gera\u00e7\u00f5es no campo.<\/p>\n<p>\ud83c\udf0c A Tradi\u00e7\u00e3o Ancestral dos Povos Ind\u00edgenas<br \/>\nEm muitas culturas ind\u00edgenas, o c\u00e9u sempre foi um guia. Com base em observa\u00e7\u00f5es apuradas dos astros, esses povos desenvolveram saberes profundos sobre os melhores momentos para interagir com a terra.<\/p>\n","protected":false},"excerpt":{"rendered":"<p><strong>ENVIO A PARTIR DE 26\/11\/2025 &#8211; Os envios s\u00e3o feitos todas as quartas-feiras.\u00a0<\/strong><\/p>\n<h1><strong>NOVO FORMATO &#8211; CALEND\u00c1RIO DE PAREDE<\/strong><\/h1>\n<p>(cont\u00e9m todas as informa\u00e7\u00f5es da agenda)<\/p>\n<p><strong>Calend\u00e1rio de Parede Biodin\u00e2mico &#8211; <\/strong><strong>Astron\u00f4mico e Agr\u00edcola 2026<\/strong><\/p>\n<p>Baixe Janeiro aqui:\u00a0<a href=\"https:\/\/biodinamica.org.br\/upload\/pagina_janeiro.pdf\">P\u00e1gina de Janeiro 2026<\/a><\/p>\n","protected":false},"featured_media":489,"comment_status":"open","ping_status":"closed","template":"","meta":{"pagelayer_contact_templates":[],"_pagelayer_content":""},"product_brand":[18],"product_cat":[17],"product_tag":[],"class_list":{"0":"post-485","1":"product","2":"type-product","3":"status-publish","4":"has-post-thumbnail","6":"product_brand-abd","7":"product_cat-calendario-biodinamico","9":"first","10":"instock","11":"sale","12":"featured","13":"taxable","14":"shipping-taxable","15":"purchasable","16":"product-type-simple"},"_links":{"self":[{"href":"https:\/\/biodinamica.org.br\/loja\/wp-json\/wp\/v2\/product\/485","targetHints":{"allow":["GET"]}}],"collection":[{"href":"https:\/\/biodinamica.org.br\/loja\/wp-json\/wp\/v2\/product"}],"about":[{"href":"https:\/\/biodinamica.org.br\/loja\/wp-json\/wp\/v2\/types\/product"}],"replies":[{"embeddable":true,"href":"https:\/\/biodinamica.org.br\/loja\/wp-json\/wp\/v2\/comments?post=485"}],"wp:featuredmedia":[{"embeddable":true,"href":"https:\/\/biodinamica.org.br\/loja\/wp-json\/wp\/v2\/media\/489"}],"wp:attachment":[{"href":"https:\/\/biodinamica.org.br\/loja\/wp-json\/wp\/v2\/media?parent=485"}],"wp:term":[{"taxonomy":"product_brand","embeddable":true,"href":"https:\/\/biodinamica.org.br\/loja\/wp-json\/wp\/v2\/product_brand?post=485"},{"taxonomy":"product_cat","embeddable":true,"href":"https:\/\/biodinamica.org.br\/loja\/wp-json\/wp\/v2\/product_cat?post=485"},{"taxonomy":"product_tag","embeddable":true,"href":"https:\/\/biodinamica.org.br\/loja\/wp-json\/wp\/v2\/product_tag?post=485"}],"curies":[{"name":"wp","href":"https:\/\/api.w.org\/{rel}","templated":true}]}}

Calendário de Parede Biodinâmico 2026 &#8211; Astronômico e Agrícola

<p><strong>ENVIO A PARTIR DE 26/11/2025 &#8211; Os envios são feitos todas as quartas-feiras. </strong></p>
<h1><strong>NOVO FORMATO &#8211; CALENDÁRIO DE PAREDE &#8211; 2026</strong></h1>
<p>(contém todas as informações da agenda)</p>
<p><strong>Calendário Biodinâmico &#8211; </strong><strong>Astronômico e Agrícola 2026</strong></p>
<p>&nbsp;</p>
<p>Baixe Janeiro aqui: <a href="https://biodinamica.org.br/upload/pagina_janeiro.pdf">Página de Janeiro 2026</a></p>
<p>&nbsp;</p>
<p>🌱 O Calendário Agrícola Biodinâmico: Um Guia em Harmonia com a Natureza</p>
<p>Este é o calendário mais utilizado no movimento da agricultura biodinâmica. Ele revela um caminho fascinante de descobertas no universo dinâmico e vivo da agricultura feita em sintonia com os ritmos da natureza.</p>
<p>🌓 A Sabedoria dos Ciclos Lunares<br />
Quem convive com agricultores tradicionais sabe: muitos relatam, com convicção, a influência da Lua nos momentos de plantio, poda, colheita e outros manejos. As fases da Lua são o aspecto mais visível dessa relação, observada há gerações no campo.</p>
<p>🌌 A Tradição Ancestral dos Povos Indígenas<br />
Em muitas culturas indígenas, o céu sempre foi um guia. Com base em observações apuradas dos astros, esses povos desenvolveram saberes profundos sobre os melhores momentos para interagir com a terra.</p>

<p><strong>ENVIO A PARTIR DE 26/11/2025 &#8211; Os envios são feitos todas as quartas-feiras. </strong></p>
<h1><strong>NOVO FORMATO &#8211; CALENDÁRIO DE PAREDE</strong></h1>
<p>(contém todas as informações da agenda)</p>
<p><strong>Calendário de Parede Biodinâmico &#8211; </strong><strong>Astronômico e Agrícola 2026</strong></p>
<p>Baixe Janeiro aqui: <a href="https://biodinamica.org.br/upload/pagina_janeiro.pdf">Página de Janeiro 2026</a></p>
